 - -6) + (-1 - k).
2, 7
Let z = 19 - 12. Suppose r - 9 = -z. Suppose 4*q = 3*q + r. What are the prime factors of q?
2
What are the prime factors of 0/16 - (1 + -2780) - 7?
2, 3, 7, 11
What are the prime factors of 3560/60*(-36)/(-8)?
3, 89
Let t(d) = -2*d**2 + 7*d - 4. Let y be t(2). Suppose 0 = y*r + 6*r - 1960. List the prime factors of r.
5, 7
Suppose 6*x = 9*x - 9. List the prime factors of (-24)/((7 - x)/(-20)).
2, 3, 5
Let m = 541 + -177. List the prime factors of m.
2, 7, 13
Let w be (-4)/(-22) + (-2 - 84/(-22)). Suppose 149 + 181 = 5*d + w*k, -4*d + 5*k + 297 = 0. List the prime factors of d.
2, 17
List the prime factors of (8/32)/(5/19420).
971
Let s be (-2)/6 - (-246)/9. Suppose 3*l + 4 = -y, 4*y = -0*l - 2*l + 4. List the prime factors of (28/(-21))/(l/s).
2, 3
Let f(v) be the third derivative of v**5/60 - v**4/4 + 11*v**3/6 - 14*v**2. What are the prime factors of f(11)?
2, 3, 11
Suppose 0 = 2*n - 3*b - 5, -8*b = -3*b - 5. Suppose 0*x = -u + 3*x + 8, -2*x = -u + 6. Let r = u + n. What are the prime factors of r?
2, 3
Let i = -346 - -156. Let h be i*2/4*-2. List the prime factors of 2/(-3) + h/6.
31
Let s(g) = 3*g + 1. Let v(i) = 4*i. Let y(p) = -6*s(p) + 5*v(p). Let b be y(4). What are the prime factors of 5*b*(-90)/(-25)?
2, 3
Let h(r) = 4*r**2 - 57*r - 35. What are the prime factors of h(16)?
7, 11
Suppose 3*p - 9 - 76 = -d, 0 = -3*d - 4*p + 260. Suppose 9*x - 601 + d = 0. What are the prime factors of x?
3, 19
Suppose 2*u = -5*l + 14, -l + 4*u = -2*l + 10. Suppose -l*v - 3*v = 5*b + 5, 3*b + 24 = 4*v. Let a = 7 + b. List the prime factors of a.
3
Let n(d) be the second derivative of d**4/6 - d**3/2 + 5*d**2 + 5*d. What are the prime factors of n(-4)?
2, 3
Let p = -4185 - -6947. List the prime factors of p.
2, 1381
Let z(h) = -7 + 10 - 20 + h - 10. Let w be z(12). List the prime factors of (-320)/w + 12/(-9).
2, 5
Let c = -1876 + 2126. List the prime factors of c.
2, 5
Let j = -738 + 4014. List the prime factors of j.
2, 3, 7, 13
Suppose -3*h + 8 = h. Let v be 0*(-3 + 1)/h. Suppose 6 = 3*k + 2*c - 35, 4*k - 4*c - 48 = v. List the prime factors of k.
13
Suppose o - 6 = -2*o, 0 = -3*v + o - 77. Let s = -12 - v. What are the prime factors of s?
13
Suppose -8*z = -y - 4*z + 1210, -y - 4*z = -1186. List the prime factors of y.
2, 599
What are the prime factors of (-2)/(-10)*1735 - (-2 + 4)?
3, 5, 23
Let n(j) = 61*j - 4. Let s be n(1). Suppose -4*r - s = -641. List the prime factors of r.
2, 73
Let y = -324 + 520. Suppose -2*j = -4*j + y. What are the prime factors of j?
2, 7
Let d(y) = -3*y**3 - 4*y**2 - 3*y - 2. Let a be d(-2). What are the prime factors of (252/8)/(a/16)?
2, 3, 7
Suppose -4*t - 1362 = -q, 54*q + t = 49*q + 6747. What are the prime factors of q?
2, 3, 5
Let v(t) = -t**3 - 6*t**2 - 4*t + 5. Let m be v(-5). Suppose 0 = d - m - 7. Suppose 5*r - d = -q, q + 0*r + r = 7. What are the prime factors of q?
7
Let f = -23 - -25. Suppose -19 = f*h - 123. What are the prime factors of h?
2, 13
Let i(g) = -4*g**2 - 6*g - 5. Let b(h) = -h**2 + h - 1. Let n(z) = -3*b(z) + i(z). Let d be n(-8). Let y = 27 + d. What are the prime factors of y?
3, 11
Suppose w + 770 = 9*q - 7*q, 2*q - 762 = 5*w. Let m = -208 + q. List the prime factors of m.
2, 89
Let v(d) = 436*d + 49. List the prime factors of v(5).
3, 743
Suppose -2*r + 22 + 2 = 0. What are the prime factors of (-298)/(-3) - 4/r?
3, 11
Let p = 2054 - 1413. What are the prime factors of p?
641
Suppose -r + 4*s - 17 = 0, -s + 5*s + 37 = -5*r. Let z(t) = t**2 - 18. List the prime factors of z(r).
3, 7
What are the prime factors of (-12928)/(-18) + 38/(-171)?
2, 359
Let b(p) = p**2 - 21*p + 4. Let t be b(21). Let s be 111/(-2)*8/(-3). Suppose -187 = -5*c - t*v, -c + 5*c + 4*v = s. What are the prime factors of c?
3, 13
Suppose a = -3*a - 52. Let c(d) = -d**3 - 14*d**2 - 18*d + 15. What are the prime factors of c(a)?
2, 5
Let a(g) = g**3 - 3*g**2 - 5*g + 4. Let z be a(4). Suppose -p + 2 = -z*p. List the prime factors of ((-52)/(-8))/(p/4).
13
Suppose -4*w + 720 = -5*w. Let g(m) = -2*m + 5. Let x be g(4). What are the prime factors of (x/2)/(27/w)?
2, 5
Let t(o) = -379*o + 16. List the prime factors of t(-3).
1153
Suppose -3*i + 0 = -18. What are the prime factors of ((-24)/i - -6) + 269?
271
Suppose -4*x - 3*r = -7*r - 24, -x + 5*r + 10 = 0. Suppose x*m + 170 = 3*f + f, 5*m = 5*f - 215. List the prime factors of f.
3, 5
Let n(d) = 4*d**3 - 14*d**2 - 24*d + 14. List the prime factors of n(7).
2, 7, 19
Let w = -375 - -605. List the prime factors of w.
2, 5, 23
Let v be -5 - (0 + (2 - 13)). Let y(c) = 3*c - 2. Let p be y(4). Let x = p - v. What are the prime factors of x?
2
Let f(u) = u**3 - 2*u**2 - 8*u + 10. Let a be f(4). Let i = a + 2. Let c(h) = h**2 - 6*h - 19. List the prime factors of c(i).
53
Let u(g) = -46*g**3 - g**2 - 54*g - 196. What are the prime factors of u(-4)?
2, 11, 67
Let g(x) = x - 16. Let i be g(17). Let m be -4 + 3 + -22 + i. What are the prime factors of (-6)/4 + (-165)/m?
2, 3
Let q(a) = -13*a**2 + 9*a - 22. Let n be q(4). Let z = n + 332. List the prime factors of z.
2, 3, 23
Let q(c) = c + 10. Let x be q(-10). Suppose x = -s - s + 326. Suppose 0*t - 5*d = 2*t - s, 2*d = -4*t + 286. List the prime factors of t.
3, 23
Let v(h) = -381*h**3 - 3*h**2 - 6*h - 4. List the prime factors of v(-1).
2, 5, 19
Let v(i) = 5*i**2 - 7*i - 8. Let y be v(4). Let t = 11 + y. List the prime factors of t.
5, 11
Let s(u) = -8*u**3 + u**2 + 5*u - 1. Let g be s(-3). Let r = g + -148. List the prime factors of r.
61
Let k be (-67 - -2)*7/7. Let j = k - -96. List the prime factors of j.
31
Let r(c) = -3*c + 32. Let k be r(10). Suppose 4*b + 4*i - 536 = 0, -4*b + 512 = -0*b - k*i. What are the prime factors of b?
2, 5, 13
Suppose -7*g = -2*g - 10. Suppose 6 = g*m + 2. Suppose 0 = -m*t + 42 - 6. What are the prime factors of t?
2, 3
Let r be (3/6)/((-3)/(-18)). Let c be (-69)/(-18) + r/18. Suppose -v = c*v - 170. List the prime factors of v.
2, 17
Let f(y) = -26*y - 2. Let s be ((-8)/(-20)*5)/(-2). Let q be f(s). Let x = q + -9. What are the prime factors of x?
3, 5
Let h be (60/(-9) - -2)*12/(-8). Let r(v) = -v**2 + 10*v - 17. List the prime factors of r(h).
2
Let r = 1513 - 698. List the prime factors of r.
5, 163
Let o be (24/(-14))/((-1)/14). Suppose -t + 1 + o = 0. Suppose -3*r + t = -2*r. List the prime factors of r.
5
Let b(i) = -i**3 - 5*i**2 - 5*i + 1. Let d be b(-4). Let t = d - 0. Suppose t*r + 11 - 121 = 0. List the prime factors of r.
2, 11
Let a be 99/4*24/9. What are the prime factors of (a/(-4))/((-11)/22)?
3, 11
Suppose -6*x + 2*q + 188 = -4*x, 4*x = -2*q + 376. List the prime factors of x.
2, 47
Let i(h) = -6 - h**3 + 0 - 2*h - 4*h**3 + h**2 + 4*h**3. List the prime factors of i(-3).
2, 3
Let n = 90 - 72. Let f = n - -90. What are the prime factors of f?
2, 3
Let t = 866 - 341. List the prime factors of t.
3, 5, 7
Suppose 6*w = 2*w. Let v(u) = -4*u - 6. Let d be v(-10). Let s = d + w. What are the prime factors of s?
2, 17
Let u(d) = 170*d - 173. List the prime factors of u(15).
2377
Let s(t) = -5*t**2 + 8*t - 3. Let z(y) be the first derivative of -y**3/3 + y**2/2 - y + 4. Let p(v) = s(v) - 4*z(v). What are the prime factors of p(3)?
2
Suppose 48*v + 35*v = 200279. What are the prime factors of v?
19, 127
Let f = -206 + 312. What are the prime factors of f?
2, 53
Let y = 1558 - 398. What are the prime factors of y?
2, 5, 29
Let a(s) = -11 + 5*s - 3*s + 2*s - s**3 + s - 9*s**2. Let v = 28 - 38. List the prime factors of a(v).
3, 13
Suppose -4*f + 5*c - 362 - 148 = 0, 4*c + 617 = -5*f. Suppose -4*k + 698 = 3*b, -k - 3*b - 2*b + 166 = 0. Let i = k + f. What are the prime factors of i?
3, 17
Suppose 4*x = g + 2 - 12, g = 2*x + 4. Let o = 2 - g. Suppose -5*a + 6 + o = 0. What are the prime factors of a?
2
Suppose -5*t - 3*q = 33 - 799, -2*q - 626 = -4*t. List the prime factors of t.
5, 31
Suppose 0 = 4*f - 297 + 89. Suppose z - 7 = f. Let r = z - 35. List the prime factors of r.
2, 3
Suppose 4*t = -n - 400, -99*n + 95*n = t + 85. Suppose 5*u - 3*j = 750, 0*j - 2*j - 10 = 0. Let z = t + u. List the prime factors of z.
2, 23
Let a(i) = i**2 + 3. Let n be a(0). List the prime factors of (-466)/(-8) - n/(-4).
59
Let b = 276 + 197. List the prime factors of b.
11, 43
Suppose 